z and g?
12
Let v(i) = -i**2 - 16*i + 222. Let d be v(-24). What is the greatest common factor of d and 435?
15
Let o(y) = -13*y + 403. Let h be o(19). Calculate the highest common divisor of 264 and h.
12
Suppose 0 = -r + 22 + 32. Let d be (65 - -7)*-5*(-3)/6. Calculate the highest common divisor of r and d.
18
Suppose 0 = 13*g - 85*g - 78*g + 3600. Let q be (-4)/(-12) + (-1222)/(-6). Calculate the highest common divisor of q and g.
12
Suppose 531 + 267 = -6*h. Let q = 145 + h. What is the highest common factor of 324 and q?
12
Suppose 0 = 12*c - 48 - 72. Suppose -2*q + 141 = 5*v, -13*q = -5*v - c*q + 151. Calculate the greatest common factor of v and 29.
29
Let z be 7 + -13 + 194/2. Suppose 100 = -z*c + 92*c. What is the highest common factor of 125 and c?
25
Let n(p) = p**2 + 23*p + 63. Let f be n(-20). Let i be (80/f)/10 + (-6)/9. Calculate the highest common factor of 9 and i.
1
Let u be ((-333)/(-63) + 1 + -5)*21. Calculate the greatest common divisor of u and 216.
27
Let p = -438 + 455. Suppose -3355 = -78*j + p*j. What is the greatest common factor of j and 66?
11
Let x(h) = -9*h**2 - 213*h - 6. Let i be x(-23). Calculate the greatest common factor of i and 1122.
66
Let x(g) = 3*g**2 - 64*g + 27. Let s be x(26). What is the greatest common divisor of s and 272?
17
Suppose -2*a + 25*a - 89891 = 115821. What is the highest common divisor of a and 13?
13
Let l = 9 - 2. Let k(j) = -j**3 - 21*j**2 + 3*j + 58. Let z be k(-21). Let y = l + z. Calculate the greatest common factor of y and 22.
2
Suppose -3*y - 2*a = -99, -y = -2*a + 7*a - 33. What is the highest common divisor of y and 2981?
11
Let g = -5096 - -5633. What is the greatest common divisor of g and 1969?
179
Let f = -4671 - -4711. Let h = -1 - -5. Let y(c) = 5*c**2 + c - 4. Let j be y(h). Calculate the greatest common factor of j and f.
40
Let u(p) = -334*p + 2547. Let i be u(7). Calculate the highest common factor of i and 950.
19
Let s = -109 + 114. Let l be (3/10*2)/(s/75). Calculate the greatest common divisor of 3 and l.
3
Let p be ((-1053)/(-243))/((-39)/(-162)). Let r be (4/3)/((-2)/(-27)). Calculate the highest common divisor of r and p.
18
Let o(h) = 4*h - 80. Let g be o(33). Let b = g - 32. Let x = 12 - 8. Calculate the highest common divisor of b and x.
4
Let g be ((3834/(-30))/(-9) + -1)/(9/120). What is the greatest common factor of g and 121?
11
Let k(n) = -5*n - 3. Let h be k(-6). Let r be ((-60)/(-2 + 6))/(-1). Let z be ((-18)/r)/(5/((-225)/6)). What is the greatest common divisor of h and z?
9
Let s(z) = -9*z + 159. Let c be (36/(-4) + 3)/((-6)/15). Let a be s(c). What is the greatest common divisor of a and 33?
3
Let j(g) = -g**2 + 696*g + 4226. Let m be j(-6). Suppose -4*n = -3*l + 324, -l + 25 = -3*n - 78. Calculate the greatest common divisor of m and l.
14
Suppose 104*u + 36*u - 69440 = 0. What is the highest common factor of 403 and u?
31
Let n(a) = -a**2 - 17*a - 46. Let j be n(-12). Let f = -55 - -120. Let s = f - 23. Calculate the greatest common divisor of s and j.
14
Suppose 14*h - 39 = 31. Suppose 4*z = 2*k + 30, -25 = h*k - 0*k. What is the greatest common divisor of z and 4?
1
Let z = 18090 + -11975. Calculate the greatest common factor of z and 5.
5
Let x(k) = k**2 + 132*k + 2679. Let t be x(-24). Let m(n) = -n**3 + 5*n**2 + 3*n + 2. Let w be m(3). Calculate the greatest common divisor of t and w.
29
Suppose 7244 = 19*d + 2570. Calculate the greatest common divisor of 574 and d.
82
Let q be 266/(-19) - 3752/(-2). What is the greatest common divisor of 190 and q?
38
Let u(w) = w**2 - 12*w + 20. Let c be u(11). Let y be 12/(3 - (-3 + 4)). Suppose 0 = -0*z - y*z + 108. What is the greatest common divisor of c and z?
9
Suppose -5*n + 352 = 4*u - 299, 0 = 4*u + 2*n - 654. Let p = 31 + u. Calculate the highest common divisor of p and 39.
39
Let y = -408 - -199. Let a = 245 + y. Calculate the greatest common factor of 27 and a.
9
Suppose -4*s + 1476 + 6084 = 4*w, -w - 1 = 0. What is the greatest common factor of 62 and s?
31
Let m(f) = -12*f**2 + 41*f + 89. Let a(g) = -5*g**2 + 20*g + 45. Let n(y) = -7*a(y) + 3*m(y). Let o be n(-7). What is the greatest common divisor of 77 and o?
11
Let i = -22962 + 23122. Let r(q) = -4*q**3 - 6*q**2 - 5*q - 4. Let x be r(-4). What is the greatest common divisor of x and i?
16
Let q = 38 + -36. Let n(b) = 3 - 35*b**2 + 0*b**3 - 31*b**q - 3*b + 69*b**2 - b**3. Let r be n(2). Calculate the highest common factor of r and 7.
1
Suppose 0 = -5*f - 15, 0 = 2*n + 4*f - 22 - 136. Let s = n - -7. Let h = -69 + s. What is the greatest common factor of h and 23?
23
Suppose 1241 - 760 + 1519 = 250*w. Calculate the highest common factor of w and 2408.
8
Let k(o) = 29*o + 1. Let z(h) = h - 17. Let j be z(7). Let v be ((-1)/2)/(5/j). Let w be k(v). Calculate the greatest common factor of w and 15.
15
Let l be (867/4)/(20/80). What is the greatest common factor of l and 1173?
51
Suppose -186624 = -139*o - 293*o. What is the greatest common factor of 7632 and o?
144
Let u = 5 + -5. Suppose u = -3*m - 5*m + 328. Suppose -47 = -l + m. Calculate the greatest common factor of 8 and l.
8
Suppose -173*p + 1420242 + 405086 + 2773185 = 0. Calculate the highest common factor of p and 19.
19
Let k = -6405 + 6478. What is the highest common factor of 5 and k?
1
Let b = -17417 - -17787. What is the greatest common factor of 60 and b?
10
Let r = -17471 + 17633. Calculate the greatest common factor of 306 and r.
18
Let i be (-14 + 26*20/32)/((-6)/(-1568)). What is the highest common factor of 441 and i?
147
Suppose -2*p + 86 + 42 = 0. Let q = -144 + 199. Let r = 71 - q. What is the highest common divisor of r and p?
16
Suppose 78 = v + 4*q, v + 0*v + q = 72. Let i be (-46 - -42)/((-6)/15). What is the highest common factor of i and v?
10
Suppose -10*x = -6*x + 10*a - 11632, -2863 = -x + 5*a. Calculate the greatest common factor of 263 and x.
263
Let d = 390 - 385. Suppose 3*i = 4*v + 827 + 945, 1179 = 2*i - d*v. Calculate the greatest common factor of 37 and i.
37
Suppose -6*i = -116 + 494. Let y be (42/i)/(2/360). Let s be (0 + 39)/((-45)/y). Calculate the highest common factor of 13 and s.
13
Let f = 2302 + -2064. What is the greatest common factor of 322 and f?
14
Let w(r) = 7*r**2 + 7*r - 11. Let l be w(1). Calculate the highest common divisor of l and 213.
3
Let h(w) = -w**3 + 12*w**2 - 9*w + 8. Let m be h(9). Let c = 11 - 1. Calculate the highest common factor of c and m.
10
Suppose 4*b + 2610 = 49*b. Calculate the highest common factor of 4553 and b.
29
Let x(i) = -i**3 - i**2 + 14*i. Let f be x(-5). Let u(y) = -3*y + 102. Let z be u(f). Calculate the highest common factor of 60 and z.
12
Let n(t) = t**3 + 11*t**2 + 18*t + 78. Let l be n(-7). Suppose -4*p - l + 3048 = 0. Calculate the highest common divisor of p and 29.
29
Let h(s) = -35*s + 1460. Let a be h(39). Calculate the highest common divisor of a and 7220.
95
Suppose 17060 = 76*v - 3840. Calculate the greatest common divisor of 875 and v.
25
Let y = -8373 + 8758. Calculate the greatest common factor of 4004 and y.
77
Let c = -1006 + 1011. Let g(x) be the second derivative of x**4/6 + 2*x**3 - 5*x**2/2 + 3*x. Let n be g(c). Calculate the greatest common divisor of 15 and n.
15
Let l be 70 + 0 + (-3 - -3). Let z = -17 + -1. Let c(o) = -o**3 - 19*o**2 - 19*o - 8. Let w be c(z). What is the highest common divisor of w and l?
10
Suppose 20*f + 7350 = 25*f. Suppose i + f = 4*d, -2*d + 5*d - 1475 = i. Let y be (-28)/(-126) + (1 - i/18). Calculate the highest common divisor of 12 and y.
12
Let u(m) = m**3 - 36*m**2 + 12. Let w be u(36). Let b = 30 - w. Calculate the greatest common factor of 126 and b.
18
Suppose 5*u - 600 = 4*g, 99 + 159 = 2*u + 2*g. What is the highest common divisor of u and 6014?
62
Let v be (169 + (0 - -3))/(-2). Let h = 98 + v. What is the highest common divisor of 138 and h?
6
Let u be ((-525)/14)/3*-1*324. What is the highest common divisor of u and 24?
6
Let j(c) = -c**3 - c**2 + 4*c + 3. Let i be j(-3). Suppose -6 = -5*b + i. What is the greatest common divisor of b and 21?
3
Let g be 48/(-2184) + (-1971174)/(-5187). Suppose 0 = 4*h - 307 + 3. What is the highest common factor of h and g?
76
Let c(m) = -120*m - 9 + 124*m + 149. Let x be c(-29). What is the greatest 